ue
Is 1*14*(-7 - 217/(-14)) prime?
False
Suppose 3*z + 0*z = 879. Is z composite?
False
Let q(h) = -h - 8. Let c be q(6). Let u = c + 25. Let y = 32 - u. Is y composite?
True
Let p(r) be the first derivative of 5*r**2/2 + 12*r - 3. Is p(5) a prime number?
True
Suppose 3*v + 3*a + 2*a = -17, 0 = a + 4. Suppose -k - k - 2*x = -426, -15 = -5*x. Is (-1 + 2 + k)*v a composite number?
False
Suppose -4*p = -402 - 178. Is p composite?
True
Suppose 3*r = r + 4. Is (0 - r)/(6/(-105)) a composite number?
True
Let t = -273 + 562. Is t composite?
True
Let q(m) = 2*m**2 + 8*m - 11. Is q(-10) a composite number?
False
Let w(d) = 2*d**2 + 15*d + 35. Is w(-10) composite?
True
Suppose 5*a - 1364 - 3381 = 0. Is a prime?
False
Let b = 5 - 0. Suppose -173 = -3*t + 4*j, -t - b*j + 36 = -9. Is t composite?
True
Is 5/5*-1*-851 a composite number?
True
Suppose -v = -7 + 3. Suppose 0*s = -5*s + 4*a + 389, -v*s + 2*a = -310. Is s a prime number?
False
Let r = -2821 + 4166. Is r a composite number?
True
Suppose -x - 32 = -5*x. Suppose -o + x = o. Is o composite?
True
Is (2 + 0)*(-100099)/(-62) composite?
False
Is 1*((-10485)/(-21) + 4/(-14)) prime?
True
Let c be 10/4*(2 + 0). Let t(u) = u**2 + 6*u - 1. Let w be t(-9). Suppose -3*i - w = -c*i. Is i a composite number?
False
Suppose -t + 4 = x, 4*t + 24 = 3*x - 2*x. Is ((-316)/x)/(2/(-4)) prime?
True
Suppose 0*r + 148 = 2*r. Let h = r + -112. Is (0 + (-1)/2)*h composite?
False
Let b be 3/(((-9)/(-2))/9). Suppose -30*i + 32*i = b. Is i composite?
False
Suppose 4*v - 997 = 3*v. Is v a composite number?
False
Let s(l) = -l**3 - 2*l**2 - 3*l - 3. Let f be s(-2). Let u = 3 + -1. Is (-2 + f - -1) + u a composite number?
True
Suppose -5*i - a - 4*a + 85 = 0, i + 2*a = 16. Let x be 160321/(-63) + (-4)/i. Is x/(-20) + (-2)/8 a composite number?
False
Let u be (-2 - -4)*1 - 0. Let f(b) = 10*b**3 + 2*b**2 - 1. Let g be f(u). Suppose -2*z + 111 = 5*w - 8, -4*z - g = -3*w. Is w a prime number?
False
Let v(h) = h + 5. Let l be v(0). Suppose 32 = 3*o - l*a, -3*a = -o - 2 + 6. Is o a prime number?
True
Let t(j) be the third derivative of j**6/120 - j**5/60 + 205*j**3/6 - j**2. Is t(0) a composite number?
True
Let k = -5 - -7. Let w be (-8)/(-3)*18/4. Suppose k = j - w. Is j a prime number?
False
Suppose -a + 0 - 16 = -3*z, -z = 2*a - 3. Suppose 0 = 2*s - 2*l - l - 73, -245 = -5*s - z*l. Suppose -j - 141 = -4*i, 3*j = -2*i - s + 111. Is i composite?
True
Let q(c) = 224*c + 15. Is q(7) prime?
True
Let h = 24 - 40. Is h/(-32) - (-85)/2 prime?
True
Let t(o) = 2*o**3 + 8*o**2 - 3*o + 5. Let h(d) = -3*d**3 - 16*d**2 + 5*d - 10. Let m(q) = -3*h(q) - 5*t(q). Is m(6) a prime number?
False
Let h(x) = 6*x**2 + x - 16. Is h(27) a prime number?
False
Let p(h) be the third derivative of h**6/120 - 2*h**5/15 + 7*h**4/24 + 2*h**3/3 - 2*h**2. Let d be p(7). Suppose 0 - 220 = -d*g. Is g a composite number?
True
Let p(i) = 16*i + 3. Suppose -f - 3 = -0. Let g be p(f). Let y = g - -100. Is y composite?
True
Suppose -4*a + 1620 = 4*u, 0 = -3*u + 2*a - 25 + 1250. Suppose 3*j + u = 8*j + g, -3*g - 337 = -4*j. Is j composite?
True
Suppose 24 = -5*y + 9. Is (-2 - y - 2)*-89 composite?
False
Let a(n) = n**2 - n + 4. Let i be a(0). Suppose -191 = -3*q - i*k, k - 1 + 2 = 0. Is q a composite number?
True
Let h(r) = -r**3 + 5*r**2 + 4*r + 8. Let c be h(6). Suppose 2*q = y - 2, 12 = 2*y + y - 3*q. Let f = y + c. Is f composite?
False
Let v(y) = -8*y - 1. Let p(z) be the third derivative of z**4/24 + z**3/6 + 2*z**2. Let c(k) = 6*p(k) + v(k). Is c(-4) prime?
True
Let b = -168 - -253. Suppose -148 = -5*g + 462. Let v = g - b. Is v prime?
True
Let f(r) = 110*r - 15. Is f(8) prime?
False
Suppose t = -5*d + 953, -d + 579 = 2*d - 3*t. Is d composite?
False
Let n = 4 - 3. Is n - -523 - 0 - 3 a composite number?
False
Let o be 0 + (2 - 3) + 3. Let d = 2 - -12. Suppose o*f - d = f. Is f prime?
False
Let i = 73 - 4. Is i a composite number?
True
Suppose 11 = 4*p + 3. Let z(j) = 2*j**2 - j**2 + p*j**2. Is z(-1) a prime number?
True
Let d = 1523 + 528. Is d prime?
False
Suppose 5*q - 653 = 2892. Is q composite?
False
Suppose -4*a - t + 255 = -1257, 0 = -4*a + 5*t + 1536. Is a a composite number?
False
Suppose 2*n = -8*p + 3*p + 36, 3*n + 5*p - 44 = 0. Suppose -3*z - 2 + n = 0. Is (2 + 12/3)/z composite?
False
Let d(i) = -i**3 + 5*i**2 - 4*i + 4. Let u be d(4). Suppose -u*x - 928 = -4*y, -y = -5*y + 16. Let v = -137 - x. Is v a composite number?
True
Suppose -5*r + 610 + 530 = 0. Is (r - 4) + -3*1 a composite number?
True
Suppose 2*j - 7*j + 20 = 0. Suppose j*u = 1 + 15. Suppose -u*r = -r - 69. Is r composite?
False
Suppose 2*t - 227 = 51. Is t a composite number?
False
Let a(w) = w**3 + 4*w - 1. Let u = 13 + -9. Is a(u) a prime number?
True
Let g(i) = -2*i**2 + 8*i + i + 8*i - 7 + i**2. Is g(12) a composite number?
False
Let f = 426 - 215. Is f a prime number?
True
Suppose -5*b + 157 + 138 = 0. Is b prime?
True
Let m(x) = 10*x**2 - 5. Is m(-4) prime?
False
Let a(c) = -c + 1. Let r be a(1). Suppose r*x = x + 22. Is (x/6)/(2/(-42)) a prime number?
False
Suppose -5*g + 3*l + 30 = 0, 3*g = -2*g - 2*l + 30. Let d(h) be the second derivative of -h**4/12 + 7*h**3/6 + h**2/2 + h. Is d(g) composite?
False
Let g be 7/3 + (-4)/(-6). Suppose -4*o - 9 = 5*r - o, r = -4*o - 12. Is 11 - r - (-6)/g a composite number?
False
Is 610/3*(-18)/(-12) composite?
True
Let z be (2 - 1) + 162 + 2. Let y = 58 + z. Is y prime?
True
Let r(x) = 3*x - 22. Is r(15) composite?
False
Let a = 11 - 8. Suppose s - 58 = -a*r - 2*r, -3*s = -2*r - 89. Is (1 + 25)*s/6 a prime number?
False
Let j = 230 + -108. Is j a prime number?
False
Suppose z + 4 = -0. Is 1/(z/(-1280)) + 3 a prime number?
False
Is 49 + (-6 - -2) + 8 prime?
True
Suppose 2*f + 229 = i - 1056, -3*i + 3*f + 3843 = 0. Is i a composite number?
False
Let k = -4865 + 8574. Is k a prime number?
True
Let r = -18 + 29. Is r prime?
True
Let f be (-8)/2 - 2*-1. Let x be -2*1*(f + -1). Suppose -x*j = h - 4*j - 49, 0 = 4*j + 8. Is h prime?
True
Let c(p) = -p**2 - 10*p + 9. Let k be c(-11). Let q be -15*(-1 - k - 2). Is 879/q + 6/15 a prime number?
True
Let j be 1*-3*(2 + -3). Suppose 3*a + 190 - 1 = 3*t, -j*a = 5*t - 275. Is t a composite number?
True
Suppose -15*l = -18*l + 4083. Is l prime?
True
Suppose -3*c + c = -3*x + 10, 5*x - 14 = 2*c. Suppose 0 = 4*s + g - 1549, 3*g = s + s - 771. Suppose w = -x*w + s. Is w composite?
True
Let j(w) = w**2 + 6*w + 6. Let u be j(-5). Let h(c) = -c + 1. Let d be h(4). Is (d/((-3)/373))/u a prime number?
True
Suppose -8*c + 4*c + 8 = 0. Let t be 6*(c + -4)/(-6). Suppose 2*j - 4*b = 78, t*j + 0*j = -2*b + 108. Is j a prime number?
False
Let l = 0 - -14. Suppose -101 = -5*n + l. Is n composite?
False
Suppose -1695 - 2330 = -5*s - 2*h, 0 = -4*h. Suppose o + s = 6*o. Is o composite?
True
Suppose q - 4*q + 3 = 0. Let d be -1 + 1 + 11 - q. Let f = 23 - d. Is f a composite number?
False
Suppose -782 - 252 = -2*m. Is m prime?
False
Suppose -2940 - 1376 = -3*c - v, -v - 4318 = -3*c. Let z = 2080 - c. Is z prime?
True
Let y be 95/(-2)*2/1. Let q be (1 - (2 - y)) + 0. Let t = -27 - q. Is t a composite number?
True
Let g = 10261 - 5732. Is g composite?
True
Suppose 28 = -2*b - 2*b. Let p = 20 - 12. Let j = p - b. Is j a prime number?
False
Let o = 114 - 27. Suppose 3*l = 6*l. Suppose l*q + 139 = 2*q - 3*c, 2*c = -q + o. Is q a prime number?
False
Let k = 377 - 166. Is k a prime number?
True
Is (-4 - 0)/(-4) - -1060 a composite number?
False
Let d(q) = 174*q + 13. Is d(3) a prime number?
False
Suppose -7 = -t - 5. Suppose 141 = 2*f + n, 5*f + t*n + n = 352. Is f composite?
False
Suppose h - 2*d = -358, 0 = 3*h + 2*d - 0*d + 1106. Let s = -207 - h. Is s composite?
True
Suppose 3*w = 0, -g + 1 + 63 = 3*w. Suppose -6*k = -3*k - 2*f, 2*k + 2 = 2*f. Suppose l + g = k*d, 3*l = 2*d + 17 - 85. Is d prime?
True
Suppose -702 = -2*k - 2*o + 4*o, 0 = -k - 4*o + 371. Is k a prime number?
False
Let o = 37 + -16. Let s = -7 + o. Is s prime?
False
Let m be (1/2)/((-3)/(-1050)). Suppose 0*l = -5*l + m. Is l prime?
False
Suppose a + 0*a = 1. Let z(m) = m**3 - 1 - 10*m - a + 9*m**2 + 1 - 4. Is z(-8) prime?
True
Let o(r) = 2*r**2 + 29. Is o(-8) a composite number?
False
Suppose 4*j - 2444 = -952. Is j a prime number?
True
Suppose 2*p - 23 = 5*z + 8, -z + 1